{"id":862,"date":"2020-06-11T09:36:30","date_gmt":"2020-06-11T07:36:30","guid":{"rendered":"https:\/\/aca-pl.com\/?page_id=862"},"modified":"2020-09-25T11:10:21","modified_gmt":"2020-09-25T09:10:21","slug":"professionnels-de-lassurance","status":"publish","type":"page","link":"https:\/\/aca-pl.com\/?page_id=862","title":{"rendered":"PROFESSIONNELS DE L&rsquo;ASSURANCE"},"content":{"rendered":"\n<p>Vous \u00eates un professionnel de l&rsquo;assurance,  et vous vous sentez un peu seul ?<\/p>\n\n\n\n<p>Nous pouvons vous aider dans de nombreux domaines.<\/p>\n\n\n\n<p>Qu&rsquo;il s&rsquo;agisse d&rsquo;aide au placement de vos risques, \u00e0 savoir l&rsquo;analyse, la  recherche de solutions assurantielles pour des  particuliers ou des entreprises,  nous sommes \u00e0 vos c\u00f4t\u00e9s.<\/p>\n\n\n\n<p>Il est souvent dommage de passer \u00e0 c\u00f4t\u00e9 d&rsquo;une affaire parce que l&rsquo;on n&rsquo;a pas la compagnie ad\u00e9quate ou bien parce que l&rsquo;on ne sait pas comment appr\u00e9hender un risque.<\/p>\n\n\n\n<p>Vous souhaitez r\u00e9viser votre portefeuille  et analyser les contrats de vos clients avec une aide ext\u00e9rieure, nous sommes aussi \u00e0 votre disposition.<\/p>\n\n\n\n<p>N&rsquo;h\u00e9sitez pas, contactez nous au 02 41 09 77 32 ou sur info@aca-pl.com pour que nous puissions faire connaissance.<\/p>\n\n\n\n<figure class=\"wp-block-embed-youtube wp-block-embed is-type-video is-provider-youtube wp-embed-aspect-16-9 wp-has-aspect-ratio\"><div class=\"wp-block-embed__wrapper\">\n<iframe loading=\"lazy\" title=\"Audit Conseil Assistance  COURTIERS\" width=\"474\" height=\"267\" src=\"https:\/\/www.youtube.com\/embed\/vnb_nGa_Qyk?feature=oembed\" frameborder=\"0\" allow=\"accelerometer; autoplay; clipboard-write; encrypted-media; gyroscope; picture-in-picture; web-share\" referrerpolicy=\"strict-origin-when-cross-origin\" allowfullscreen><\/iframe>\n<\/div><\/figure>\n","protected":false},"excerpt":{"rendered":"<p>Vous \u00eates un professionnel de l&rsquo;assurance, et vous vous sentez un peu seul ? Nous pouvons vous aider dans de nombreux domaines. Qu&rsquo;il s&rsquo;agisse d&rsquo;aide au placement de vos risques, \u00e0 savoir l&rsquo;analyse, la recherche de solutions assurantielles pour des particuliers ou des entreprises, nous sommes \u00e0 vos c\u00f4t\u00e9s. Il est souvent dommage de passer &hellip; <a href=\"https:\/\/aca-pl.com\/?page_id=862\" class=\"more-link\">Continuer la lecture de <span class=\"screen-reader-text\">PROFESSIONNELS DE L&rsquo;ASSURANCE<\/span>  <span class=\"meta-nav\">&rarr;<\/span><\/a><\/p>\n","protected":false},"author":1,"featured_media":0,"parent":0,"menu_order":0,"comment_status":"closed","ping_status":"closed","template":"","meta":{"_bbp_topic_count":0,"_bbp_reply_count":0,"_bbp_total_topic_count":0,"_bbp_total_reply_count":0,"_bbp_voice_count":0,"_bbp_anonymous_reply_count":0,"_bbp_topic_count_hidden":0,"_bbp_reply_count_hidden":0,"_bbp_forum_subforum_count":0,"_monsterinsights_skip_tracking":false,"_monsterinsights_sitenote_active":false,"_monsterinsights_sitenote_note":"","_monsterinsights_sitenote_category":0,"_themeisle_gutenberg_block_has_review":false,"footnotes":""},"class_list":["post-862","page","type-page","status-publish","hentry"],"yoast_head":"<!-- This site is optimized with the Yoast SEO plugin v24.9 - https:\/\/yoast.com\/wordpress\/plugins\/seo\/ -->\n<title>PROFESSIONNELS DE L&#039;ASSURANCE -<\/title>\n<meta name=\"description\" content=\"Vous \u00eates un professionnel de l&#039;assurance, et vous vous sentez un peu seul ? Nous pouvons vous aider dans de nombreux domaines! Qu&#039;il s&#039;agisse d&#039;aide au placement de vos risques, \u00e0 savoir l&#039;analyse, la recherche de solutions assurantielles pour des particuliers ou des entreprises, nous sommes \u00e0 vos c\u00f4t\u00e9s il est souvent dommage de passer \u00e0 c\u00f4t\u00e9 d&#039;une affaire parce que l&#039;on a pas la compagnie ad\u00e9quate ou bien parce que l&#039;on ne sait pas comment appr\u00e9hender un risque.\" \/>\n<meta name=\"robots\" content=\"index, follow, max-snippet:-1, max-image-preview:large, max-video-preview:-1\" \/>\n<link rel=\"canonical\" href=\"https:\/\/aca-pl.com\/?page_id=862\" \/>\n<meta property=\"og:locale\" content=\"fr_FR\" \/>\n<meta property=\"og:type\" content=\"article\" \/>\n<meta property=\"og:title\" content=\"PROFESSIONNELS DE L&#039;ASSURANCE -\" \/>\n<meta property=\"og:description\" content=\"Vous \u00eates un professionnel de l&#039;assurance, et vous vous sentez un peu seul ? Nous pouvons vous aider dans de nombreux domaines! Qu&#039;il s&#039;agisse d&#039;aide au placement de vos risques, \u00e0 savoir l&#039;analyse, la recherche de solutions assurantielles pour des particuliers ou des entreprises, nous sommes \u00e0 vos c\u00f4t\u00e9s il est souvent dommage de passer \u00e0 c\u00f4t\u00e9 d&#039;une affaire parce que l&#039;on a pas la compagnie ad\u00e9quate ou bien parce que l&#039;on ne sait pas comment appr\u00e9hender un risque.\" \/>\n<meta property=\"og:url\" content=\"https:\/\/aca-pl.com\/?page_id=862\" \/>\n<meta property=\"article:publisher\" content=\"https:\/\/www.facebook.com\/groups\/1773349446235806\/?ref=bookmarks\" \/>\n<meta property=\"article:modified_time\" content=\"2020-09-25T09:10:21+00:00\" \/>\n<meta name=\"twitter:card\" content=\"summary_large_image\" \/>\n<meta name=\"twitter:site\" content=\"@AssistanceAudit\" \/>\n<meta name=\"twitter:label1\" content=\"Dur\u00e9e de lecture estim\u00e9e\" \/>\n\t<meta name=\"twitter:data1\" content=\"1 minute\" \/>\n<script type=\"application\/ld+json\" class=\"yoast-schema-graph\">{\"@context\":\"https:\/\/schema.org\",\"@graph\":[{\"@type\":\"WebPage\",\"@id\":\"https:\/\/aca-pl.com\/?page_id=862\",\"url\":\"https:\/\/aca-pl.com\/?page_id=862\",\"name\":\"PROFESSIONNELS DE L'ASSURANCE -\",\"isPartOf\":{\"@id\":\"https:\/\/aca-pl.com\/#website\"},\"datePublished\":\"2020-06-11T07:36:30+00:00\",\"dateModified\":\"2020-09-25T09:10:21+00:00\",\"description\":\"Vous \u00eates un professionnel de l'assurance, et vous vous sentez un peu seul ? Nous pouvons vous aider dans de nombreux domaines! Qu'il s'agisse d'aide au placement de vos risques, \u00e0 savoir l'analyse, la recherche de solutions assurantielles pour des particuliers ou des entreprises, nous sommes \u00e0 vos c\u00f4t\u00e9s il est souvent dommage de passer \u00e0 c\u00f4t\u00e9 d'une affaire parce que l'on a pas la compagnie ad\u00e9quate ou bien parce que l'on ne sait pas comment appr\u00e9hender un risque.\",\"breadcrumb\":{\"@id\":\"https:\/\/aca-pl.com\/?page_id=862#breadcrumb\"},\"inLanguage\":\"fr-FR\",\"potentialAction\":[{\"@type\":\"ReadAction\",\"target\":[\"https:\/\/aca-pl.com\/?page_id=862\"]}]},{\"@type\":\"BreadcrumbList\",\"@id\":\"https:\/\/aca-pl.com\/?page_id=862#breadcrumb\",\"itemListElement\":[{\"@type\":\"ListItem\",\"position\":1,\"name\":\"Accueil\",\"item\":\"https:\/\/aca-pl.com\/\"},{\"@type\":\"ListItem\",\"position\":2,\"name\":\"PROFESSIONNELS DE L&rsquo;ASSURANCE\"}]},{\"@type\":\"WebSite\",\"@id\":\"https:\/\/aca-pl.com\/#website\",\"url\":\"https:\/\/aca-pl.com\/\",\"name\":\"\",\"description\":\"Quand la passion est un m\u00e9tier\",\"publisher\":{\"@id\":\"https:\/\/aca-pl.com\/#organization\"},\"potentialAction\":[{\"@type\":\"SearchAction\",\"target\":{\"@type\":\"EntryPoint\",\"urlTemplate\":\"https:\/\/aca-pl.com\/?s={search_term_string}\"},\"query-input\":{\"@type\":\"PropertyValueSpecification\",\"valueRequired\":true,\"valueName\":\"search_term_string\"}}],\"inLanguage\":\"fr-FR\"},{\"@type\":\"Organization\",\"@id\":\"https:\/\/aca-pl.com\/#organization\",\"name\":\"AUDIT CONSEIL ASSISTANCE\",\"url\":\"https:\/\/aca-pl.com\/\",\"logo\":{\"@type\":\"ImageObject\",\"inLanguage\":\"fr-FR\",\"@id\":\"https:\/\/aca-pl.com\/#\/schema\/logo\/image\/\",\"url\":\"https:\/\/aca-pl.com\/wp-content\/uploads\/2019\/11\/ACA-15pxX15px-1.png\",\"contentUrl\":\"https:\/\/aca-pl.com\/wp-content\/uploads\/2019\/11\/ACA-15pxX15px-1.png\",\"width\":125,\"height\":125,\"caption\":\"AUDIT CONSEIL ASSISTANCE\"},\"image\":{\"@id\":\"https:\/\/aca-pl.com\/#\/schema\/logo\/image\/\"},\"sameAs\":[\"https:\/\/www.facebook.com\/groups\/1773349446235806\/?ref=bookmarks\",\"https:\/\/x.com\/AssistanceAudit\",\"http:\/\/www.linkedin.com\/in\/philippe-b-7a43b342\"]}]}<\/script>\n<!-- \/ Yoast SEO plugin. -->","yoast_head_json":{"title":"PROFESSIONNELS DE L'ASSURANCE -","description":"Vous \u00eates un professionnel de l'assurance, et vous vous sentez un peu seul ? Nous pouvons vous aider dans de nombreux domaines! Qu'il s'agisse d'aide au placement de vos risques, \u00e0 savoir l'analyse, la recherche de solutions assurantielles pour des particuliers ou des entreprises, nous sommes \u00e0 vos c\u00f4t\u00e9s il est souvent dommage de passer \u00e0 c\u00f4t\u00e9 d'une affaire parce que l'on a pas la compagnie ad\u00e9quate ou bien parce que l'on ne sait pas comment appr\u00e9hender un risque.","robots":{"index":"index","follow":"follow","max-snippet":"max-snippet:-1","max-image-preview":"max-image-preview:large","max-video-preview":"max-video-preview:-1"},"canonical":"https:\/\/aca-pl.com\/?page_id=862","og_locale":"fr_FR","og_type":"article","og_title":"PROFESSIONNELS DE L'ASSURANCE -","og_description":"Vous \u00eates un professionnel de l'assurance, et vous vous sentez un peu seul ? Nous pouvons vous aider dans de nombreux domaines! Qu'il s'agisse d'aide au placement de vos risques, \u00e0 savoir l'analyse, la recherche de solutions assurantielles pour des particuliers ou des entreprises, nous sommes \u00e0 vos c\u00f4t\u00e9s il est souvent dommage de passer \u00e0 c\u00f4t\u00e9 d'une affaire parce que l'on a pas la compagnie ad\u00e9quate ou bien parce que l'on ne sait pas comment appr\u00e9hender un risque.","og_url":"https:\/\/aca-pl.com\/?page_id=862","article_publisher":"https:\/\/www.facebook.com\/groups\/1773349446235806\/?ref=bookmarks","article_modified_time":"2020-09-25T09:10:21+00:00","twitter_card":"summary_large_image","twitter_site":"@AssistanceAudit","twitter_misc":{"Dur\u00e9e de lecture estim\u00e9e":"1 minute"},"schema":{"@context":"https:\/\/schema.org","@graph":[{"@type":"WebPage","@id":"https:\/\/aca-pl.com\/?page_id=862","url":"https:\/\/aca-pl.com\/?page_id=862","name":"PROFESSIONNELS DE L'ASSURANCE -","isPartOf":{"@id":"https:\/\/aca-pl.com\/#website"},"datePublished":"2020-06-11T07:36:30+00:00","dateModified":"2020-09-25T09:10:21+00:00","description":"Vous \u00eates un professionnel de l'assurance, et vous vous sentez un peu seul ? Nous pouvons vous aider dans de nombreux domaines! Qu'il s'agisse d'aide au placement de vos risques, \u00e0 savoir l'analyse, la recherche de solutions assurantielles pour des particuliers ou des entreprises, nous sommes \u00e0 vos c\u00f4t\u00e9s il est souvent dommage de passer \u00e0 c\u00f4t\u00e9 d'une affaire parce que l'on a pas la compagnie ad\u00e9quate ou bien parce que l'on ne sait pas comment appr\u00e9hender un risque.","breadcrumb":{"@id":"https:\/\/aca-pl.com\/?page_id=862#breadcrumb"},"inLanguage":"fr-FR","potentialAction":[{"@type":"ReadAction","target":["https:\/\/aca-pl.com\/?page_id=862"]}]},{"@type":"BreadcrumbList","@id":"https:\/\/aca-pl.com\/?page_id=862#breadcrumb","itemListElement":[{"@type":"ListItem","position":1,"name":"Accueil","item":"https:\/\/aca-pl.com\/"},{"@type":"ListItem","position":2,"name":"PROFESSIONNELS DE L&rsquo;ASSURANCE"}]},{"@type":"WebSite","@id":"https:\/\/aca-pl.com\/#website","url":"https:\/\/aca-pl.com\/","name":"","description":"Quand la passion est un m\u00e9tier","publisher":{"@id":"https:\/\/aca-pl.com\/#organization"},"potentialAction":[{"@type":"SearchAction","target":{"@type":"EntryPoint","urlTemplate":"https:\/\/aca-pl.com\/?s={search_term_string}"},"query-input":{"@type":"PropertyValueSpecification","valueRequired":true,"valueName":"search_term_string"}}],"inLanguage":"fr-FR"},{"@type":"Organization","@id":"https:\/\/aca-pl.com\/#organization","name":"AUDIT CONSEIL ASSISTANCE","url":"https:\/\/aca-pl.com\/","logo":{"@type":"ImageObject","inLanguage":"fr-FR","@id":"https:\/\/aca-pl.com\/#\/schema\/logo\/image\/","url":"https:\/\/aca-pl.com\/wp-content\/uploads\/2019\/11\/ACA-15pxX15px-1.png","contentUrl":"https:\/\/aca-pl.com\/wp-content\/uploads\/2019\/11\/ACA-15pxX15px-1.png","width":125,"height":125,"caption":"AUDIT CONSEIL ASSISTANCE"},"image":{"@id":"https:\/\/aca-pl.com\/#\/schema\/logo\/image\/"},"sameAs":["https:\/\/www.facebook.com\/groups\/1773349446235806\/?ref=bookmarks","https:\/\/x.com\/AssistanceAudit","http:\/\/www.linkedin.com\/in\/philippe-b-7a43b342"]}]}},"_links":{"self":[{"href":"https:\/\/aca-pl.com\/index.php?rest_route=\/wp\/v2\/pages\/862","targetHints":{"allow":["GET"]}}],"collection":[{"href":"https:\/\/aca-pl.com\/index.php?rest_route=\/wp\/v2\/pages"}],"about":[{"href":"https:\/\/aca-pl.com\/index.php?rest_route=\/wp\/v2\/types\/page"}],"author":[{"embeddable":true,"href":"https:\/\/aca-pl.com\/index.php?rest_route=\/wp\/v2\/users\/1"}],"replies":[{"embeddable":true,"href":"https:\/\/aca-pl.com\/index.php?rest_route=%2Fwp%2Fv2%2Fcomments&post=862"}],"version-history":[{"count":7,"href":"https:\/\/aca-pl.com\/index.php?rest_route=\/wp\/v2\/pages\/862\/revisions"}],"predecessor-version":[{"id":1695,"href":"https:\/\/aca-pl.com\/index.php?rest_route=\/wp\/v2\/pages\/862\/revisions\/1695"}],"wp:attachment":[{"href":"https:\/\/aca-pl.com\/index.php?rest_route=%2Fwp%2Fv2%2Fmedia&parent=862"}],"curies":[{"name":"wp","href":"https:\/\/api.w.org\/{rel}","templated":true}]}}