{"id":748,"date":"2020-04-15T21:58:10","date_gmt":"2020-04-15T19:58:10","guid":{"rendered":"https:\/\/aca-pl.com\/?page_id=748"},"modified":"2020-04-15T21:58:12","modified_gmt":"2020-04-15T19:58:12","slug":"prevoyance-sante","status":"publish","type":"page","link":"https:\/\/aca-pl.com\/?page_id=748","title":{"rendered":"Pr\u00e9voyance \/ SANTE"},"content":{"rendered":"\n<p>Bienvenue sur notre page PR\u00c9VOYANCE\/SANT\u00c9.<\/p>\n\n\n\n<p>AUDIT CONSEIL ASSISTANCE, vous propose une gamme compl\u00e8te de produits de pr\u00e9voyance et compl\u00e9mentaires sant\u00e9<\/p>\n\n\n\n<ul class=\"wp-block-list\"><li><a href=\"https:\/\/aca-pl.com\/?page_id=709\" target=\"_blank\" rel=\"noreferrer noopener\">Assurance emprunteur<\/a><\/li><li>Pr\u00e9voyance ind\u00e9pendants et professions lib\u00e9rales.<\/li><li>Compl\u00e9mentaires sant\u00e9 individuelles et groupes<\/li><li>Frais g\u00e9n\u00e9raux permanents<\/li><li>Contrats homme cl\u00e9<\/li><li>Garantie ch\u00f4mage des dirigeants<\/li><\/ul>\n\n\n\n<p>N&rsquo;h\u00e9sitez pas \u00e0 vous rapprocher de nous pour avoir de plus amples informations.<\/p>\n\n\n\n<p>Vous pouvez nous contacter par <a href=\"mailto:info@aca-pl.com\">mail<\/a> ou par t\u00e9l\u00e9phone au <strong>02 41 09 77 32<\/strong> ou par notre <a href=\"https:\/\/aca-pl.com\/?page_id=181\">formulaire<\/a> de contact de 8h \u00e0 19h du Lundi au Vendredi, et le Samedi uniquement par mail.<\/p>\n\n\n\n<div class=\"wp-block-image\"><figure class=\"aligncenter size-large\"><img loading=\"lazy\" decoding=\"async\" width=\"125\" height=\"125\" src=\"https:\/\/aca-pl.com\/wp-content\/uploads\/2019\/11\/ACA-15pxX15px-1.png\" alt=\"LOGO ACA\" class=\"wp-image-33\"\/><\/figure><\/div>\n\n\n\n<p class=\"has-text-align-center\"><strong>Quand la passion est un m\u00e9tier<\/strong><\/p>\n","protected":false},"excerpt":{"rendered":"<p>Bienvenue sur notre page PR\u00c9VOYANCE\/SANT\u00c9. AUDIT CONSEIL ASSISTANCE, vous propose une gamme compl\u00e8te de produits de pr\u00e9voyance et compl\u00e9mentaires sant\u00e9 Assurance emprunteur Pr\u00e9voyance ind\u00e9pendants et professions lib\u00e9rales. Compl\u00e9mentaires sant\u00e9 individuelles et groupes Frais g\u00e9n\u00e9raux permanents Contrats homme cl\u00e9 Garantie ch\u00f4mage des dirigeants N&rsquo;h\u00e9sitez pas \u00e0 vous rapprocher de nous pour avoir de plus amples informations. &hellip; <a href=\"https:\/\/aca-pl.com\/?page_id=748\" class=\"more-link\">Continuer la lecture de <span class=\"screen-reader-text\">Pr\u00e9voyance \/ SANTE<\/span>  <span class=\"meta-nav\">&rarr;<\/span><\/a><\/p>\n","protected":false},"author":1,"featured_media":0,"parent":0,"menu_order":0,"comment_status":"closed","ping_status":"closed","template":"","meta":{"_bbp_topic_count":0,"_bbp_reply_count":0,"_bbp_total_topic_count":0,"_bbp_total_reply_count":0,"_bbp_voice_count":0,"_bbp_anonymous_reply_count":0,"_bbp_topic_count_hidden":0,"_bbp_reply_count_hidden":0,"_bbp_forum_subforum_count":0,"_monsterinsights_skip_tracking":false,"_monsterinsights_sitenote_active":false,"_monsterinsights_sitenote_note":"","_monsterinsights_sitenote_category":0,"_themeisle_gutenberg_block_has_review":false,"footnotes":""},"class_list":["post-748","page","type-page","status-publish","hentry"],"yoast_head":"<!-- This site is optimized with the Yoast SEO plugin v24.9 - https:\/\/yoast.com\/wordpress\/plugins\/seo\/ -->\n<title>Pr\u00e9voyance \/ SANTE - %<\/title>\n<meta name=\"description\" content=\"Bienvenue sur notre page PREVOYANCE\/SANTE.AUDIT CONSEIL ASSISTANCE, vous propose une gamme compl\u00e8te de produits de pr\u00e9voyance et compl\u00e9mentaires sant\u00e9\" \/>\n<meta name=\"robots\" content=\"index, follow, max-snippet:-1, max-image-preview:large, max-video-preview:-1\" \/>\n<link rel=\"canonical\" href=\"https:\/\/aca-pl.com\/?page_id=748\" \/>\n<meta property=\"og:locale\" content=\"fr_FR\" \/>\n<meta property=\"og:type\" content=\"article\" \/>\n<meta property=\"og:title\" content=\"Pr\u00e9voyance \/ SANTE - %\" \/>\n<meta property=\"og:description\" content=\"Bienvenue sur notre page PREVOYANCE\/SANTE.AUDIT CONSEIL ASSISTANCE, vous propose une gamme compl\u00e8te de produits de pr\u00e9voyance et compl\u00e9mentaires sant\u00e9\" \/>\n<meta property=\"og:url\" content=\"https:\/\/aca-pl.com\/?page_id=748\" \/>\n<meta property=\"article:publisher\" content=\"https:\/\/www.facebook.com\/groups\/1773349446235806\/?ref=bookmarks\" \/>\n<meta property=\"article:modified_time\" content=\"2020-04-15T19:58:12+00:00\" \/>\n<meta property=\"og:image\" content=\"https:\/\/aca-pl.com\/wp-content\/uploads\/2019\/11\/ACA-15pxX15px-1.png\" \/>\n<meta name=\"twitter:card\" content=\"summary_large_image\" \/>\n<meta name=\"twitter:site\" content=\"@AssistanceAudit\" \/>\n<meta name=\"twitter:label1\" content=\"Dur\u00e9e de lecture estim\u00e9e\" \/>\n\t<meta name=\"twitter:data1\" content=\"1 minute\" \/>\n<script type=\"application\/ld+json\" class=\"yoast-schema-graph\">{\"@context\":\"https:\/\/schema.org\",\"@graph\":[{\"@type\":\"WebPage\",\"@id\":\"https:\/\/aca-pl.com\/?page_id=748\",\"url\":\"https:\/\/aca-pl.com\/?page_id=748\",\"name\":\"Pr\u00e9voyance \/ SANTE - %\",\"isPartOf\":{\"@id\":\"https:\/\/aca-pl.com\/#website\"},\"primaryImageOfPage\":{\"@id\":\"https:\/\/aca-pl.com\/?page_id=748#primaryimage\"},\"image\":{\"@id\":\"https:\/\/aca-pl.com\/?page_id=748#primaryimage\"},\"thumbnailUrl\":\"https:\/\/aca-pl.com\/wp-content\/uploads\/2019\/11\/ACA-15pxX15px-1.png\",\"datePublished\":\"2020-04-15T19:58:10+00:00\",\"dateModified\":\"2020-04-15T19:58:12+00:00\",\"description\":\"Bienvenue sur notre page PREVOYANCE\/SANTE.AUDIT CONSEIL ASSISTANCE, vous propose une gamme compl\u00e8te de produits de pr\u00e9voyance et compl\u00e9mentaires sant\u00e9\",\"breadcrumb\":{\"@id\":\"https:\/\/aca-pl.com\/?page_id=748#breadcrumb\"},\"inLanguage\":\"fr-FR\",\"potentialAction\":[{\"@type\":\"ReadAction\",\"target\":[\"https:\/\/aca-pl.com\/?page_id=748\"]}]},{\"@type\":\"ImageObject\",\"inLanguage\":\"fr-FR\",\"@id\":\"https:\/\/aca-pl.com\/?page_id=748#primaryimage\",\"url\":\"https:\/\/aca-pl.com\/wp-content\/uploads\/2019\/11\/ACA-15pxX15px-1.png\",\"contentUrl\":\"https:\/\/aca-pl.com\/wp-content\/uploads\/2019\/11\/ACA-15pxX15px-1.png\",\"width\":125,\"height\":125,\"caption\":\"LOGO ACA\"},{\"@type\":\"BreadcrumbList\",\"@id\":\"https:\/\/aca-pl.com\/?page_id=748#breadcrumb\",\"itemListElement\":[{\"@type\":\"ListItem\",\"position\":1,\"name\":\"Accueil\",\"item\":\"https:\/\/aca-pl.com\/\"},{\"@type\":\"ListItem\",\"position\":2,\"name\":\"Pr\u00e9voyance \/ SANTE\"}]},{\"@type\":\"WebSite\",\"@id\":\"https:\/\/aca-pl.com\/#website\",\"url\":\"https:\/\/aca-pl.com\/\",\"name\":\"\",\"description\":\"Quand la passion est un m\u00e9tier\",\"publisher\":{\"@id\":\"https:\/\/aca-pl.com\/#organization\"},\"potentialAction\":[{\"@type\":\"SearchAction\",\"target\":{\"@type\":\"EntryPoint\",\"urlTemplate\":\"https:\/\/aca-pl.com\/?s={search_term_string}\"},\"query-input\":{\"@type\":\"PropertyValueSpecification\",\"valueRequired\":true,\"valueName\":\"search_term_string\"}}],\"inLanguage\":\"fr-FR\"},{\"@type\":\"Organization\",\"@id\":\"https:\/\/aca-pl.com\/#organization\",\"name\":\"AUDIT CONSEIL ASSISTANCE\",\"url\":\"https:\/\/aca-pl.com\/\",\"logo\":{\"@type\":\"ImageObject\",\"inLanguage\":\"fr-FR\",\"@id\":\"https:\/\/aca-pl.com\/#\/schema\/logo\/image\/\",\"url\":\"https:\/\/aca-pl.com\/wp-content\/uploads\/2019\/11\/ACA-15pxX15px-1.png\",\"contentUrl\":\"https:\/\/aca-pl.com\/wp-content\/uploads\/2019\/11\/ACA-15pxX15px-1.png\",\"width\":125,\"height\":125,\"caption\":\"AUDIT CONSEIL ASSISTANCE\"},\"image\":{\"@id\":\"https:\/\/aca-pl.com\/#\/schema\/logo\/image\/\"},\"sameAs\":[\"https:\/\/www.facebook.com\/groups\/1773349446235806\/?ref=bookmarks\",\"https:\/\/x.com\/AssistanceAudit\",\"http:\/\/www.linkedin.com\/in\/philippe-b-7a43b342\"]}]}<\/script>\n<!-- \/ Yoast SEO plugin. -->","yoast_head_json":{"title":"Pr\u00e9voyance \/ SANTE - %","description":"Bienvenue sur notre page PREVOYANCE\/SANTE.AUDIT CONSEIL ASSISTANCE, vous propose une gamme compl\u00e8te de produits de pr\u00e9voyance et compl\u00e9mentaires sant\u00e9","robots":{"index":"index","follow":"follow","max-snippet":"max-snippet:-1","max-image-preview":"max-image-preview:large","max-video-preview":"max-video-preview:-1"},"canonical":"https:\/\/aca-pl.com\/?page_id=748","og_locale":"fr_FR","og_type":"article","og_title":"Pr\u00e9voyance \/ SANTE - %","og_description":"Bienvenue sur notre page PREVOYANCE\/SANTE.AUDIT CONSEIL ASSISTANCE, vous propose une gamme compl\u00e8te de produits de pr\u00e9voyance et compl\u00e9mentaires sant\u00e9","og_url":"https:\/\/aca-pl.com\/?page_id=748","article_publisher":"https:\/\/www.facebook.com\/groups\/1773349446235806\/?ref=bookmarks","article_modified_time":"2020-04-15T19:58:12+00:00","og_image":[{"url":"https:\/\/aca-pl.com\/wp-content\/uploads\/2019\/11\/ACA-15pxX15px-1.png","type":"","width":"","height":""}],"twitter_card":"summary_large_image","twitter_site":"@AssistanceAudit","twitter_misc":{"Dur\u00e9e de lecture estim\u00e9e":"1 minute"},"schema":{"@context":"https:\/\/schema.org","@graph":[{"@type":"WebPage","@id":"https:\/\/aca-pl.com\/?page_id=748","url":"https:\/\/aca-pl.com\/?page_id=748","name":"Pr\u00e9voyance \/ SANTE - %","isPartOf":{"@id":"https:\/\/aca-pl.com\/#website"},"primaryImageOfPage":{"@id":"https:\/\/aca-pl.com\/?page_id=748#primaryimage"},"image":{"@id":"https:\/\/aca-pl.com\/?page_id=748#primaryimage"},"thumbnailUrl":"https:\/\/aca-pl.com\/wp-content\/uploads\/2019\/11\/ACA-15pxX15px-1.png","datePublished":"2020-04-15T19:58:10+00:00","dateModified":"2020-04-15T19:58:12+00:00","description":"Bienvenue sur notre page PREVOYANCE\/SANTE.AUDIT CONSEIL ASSISTANCE, vous propose une gamme compl\u00e8te de produits de pr\u00e9voyance et compl\u00e9mentaires sant\u00e9","breadcrumb":{"@id":"https:\/\/aca-pl.com\/?page_id=748#breadcrumb"},"inLanguage":"fr-FR","potentialAction":[{"@type":"ReadAction","target":["https:\/\/aca-pl.com\/?page_id=748"]}]},{"@type":"ImageObject","inLanguage":"fr-FR","@id":"https:\/\/aca-pl.com\/?page_id=748#primaryimage","url":"https:\/\/aca-pl.com\/wp-content\/uploads\/2019\/11\/ACA-15pxX15px-1.png","contentUrl":"https:\/\/aca-pl.com\/wp-content\/uploads\/2019\/11\/ACA-15pxX15px-1.png","width":125,"height":125,"caption":"LOGO ACA"},{"@type":"BreadcrumbList","@id":"https:\/\/aca-pl.com\/?page_id=748#breadcrumb","itemListElement":[{"@type":"ListItem","position":1,"name":"Accueil","item":"https:\/\/aca-pl.com\/"},{"@type":"ListItem","position":2,"name":"Pr\u00e9voyance \/ SANTE"}]},{"@type":"WebSite","@id":"https:\/\/aca-pl.com\/#website","url":"https:\/\/aca-pl.com\/","name":"","description":"Quand la passion est un m\u00e9tier","publisher":{"@id":"https:\/\/aca-pl.com\/#organization"},"potentialAction":[{"@type":"SearchAction","target":{"@type":"EntryPoint","urlTemplate":"https:\/\/aca-pl.com\/?s={search_term_string}"},"query-input":{"@type":"PropertyValueSpecification","valueRequired":true,"valueName":"search_term_string"}}],"inLanguage":"fr-FR"},{"@type":"Organization","@id":"https:\/\/aca-pl.com\/#organization","name":"AUDIT CONSEIL ASSISTANCE","url":"https:\/\/aca-pl.com\/","logo":{"@type":"ImageObject","inLanguage":"fr-FR","@id":"https:\/\/aca-pl.com\/#\/schema\/logo\/image\/","url":"https:\/\/aca-pl.com\/wp-content\/uploads\/2019\/11\/ACA-15pxX15px-1.png","contentUrl":"https:\/\/aca-pl.com\/wp-content\/uploads\/2019\/11\/ACA-15pxX15px-1.png","width":125,"height":125,"caption":"AUDIT CONSEIL ASSISTANCE"},"image":{"@id":"https:\/\/aca-pl.com\/#\/schema\/logo\/image\/"},"sameAs":["https:\/\/www.facebook.com\/groups\/1773349446235806\/?ref=bookmarks","https:\/\/x.com\/AssistanceAudit","http:\/\/www.linkedin.com\/in\/philippe-b-7a43b342"]}]}},"_links":{"self":[{"href":"https:\/\/aca-pl.com\/index.php?rest_route=\/wp\/v2\/pages\/748","targetHints":{"allow":["GET"]}}],"collection":[{"href":"https:\/\/aca-pl.com\/index.php?rest_route=\/wp\/v2\/pages"}],"about":[{"href":"https:\/\/aca-pl.com\/index.php?rest_route=\/wp\/v2\/types\/page"}],"author":[{"embeddable":true,"href":"https:\/\/aca-pl.com\/index.php?rest_route=\/wp\/v2\/users\/1"}],"replies":[{"embeddable":true,"href":"https:\/\/aca-pl.com\/index.php?rest_route=%2Fwp%2Fv2%2Fcomments&post=748"}],"version-history":[{"count":8,"href":"https:\/\/aca-pl.com\/index.php?rest_route=\/wp\/v2\/pages\/748\/revisions"}],"predecessor-version":[{"id":760,"href":"https:\/\/aca-pl.com\/index.php?rest_route=\/wp\/v2\/pages\/748\/revisions\/760"}],"wp:attachment":[{"href":"https:\/\/aca-pl.com\/index.php?rest_route=%2Fwp%2Fv2%2Fmedia&parent=748"}],"curies":[{"name":"wp","href":"https:\/\/api.w.org\/{rel}","templated":true}]}}