{"id":2549,"date":"2020-11-09T23:19:00","date_gmt":"2020-11-09T22:19:00","guid":{"rendered":"https:\/\/aca-pl.com\/?page_id=2549"},"modified":"2021-02-19T16:17:50","modified_gmt":"2021-02-19T15:17:50","slug":"multirisque-immeuble","status":"publish","type":"page","link":"https:\/\/aca-pl.com\/?page_id=2549","title":{"rendered":"MULTIRISQUE IMMEUBLE"},"content":{"rendered":"\n<p><a href=\"https:\/\/aca-pl.com\/?page_id=2553\">QUESTIONNAIRE MULTIRISQUE IMMEUBLE<\/a><\/p>\n\n\n\n<p>Vous \u00eates un professionnel de l&rsquo;immobilier et vous souhaitez garantir vos immeubles s\u00e9par\u00e9ment ou en flotte ?<\/p>\n\n\n\n<p>Grace \u00e0 nos partenaires, nous avons des solutions adapt\u00e9es \u00e0 vos besoins <\/p>\n\n\n\n<p>Notre engagement,  vous servir toujours mieux afin de vous satisfaire et donc satisfaire vos clients.<\/p>\n\n\n\n<p>Pour toute demande individuelle merci de compl\u00e9ter notre formulaire ci-dessous<\/p>\n\n\n\n<p><a href=\"https:\/\/aca-pl.com\/?page_id=2553\">QUESTIONNAIRE MULTIRISQUE IMMEUBLE<\/a><\/p>\n\n\n\n<p>Pour la mise en place d&rsquo;un contrat flotte, appelez nous au 02 41 09 77 32 ou \u00e9crivez nous \u00e0 <a href=\"mailto:contact@aca-pl.com\">contact@aca-pl.com<\/a><\/p>\n\n\n\n<p>A bient\u00f4t.<\/p>\n\n\n\n<div class=\"wp-block-image\"><figure class=\"aligncenter size-large\"><img loading=\"lazy\" decoding=\"async\" width=\"125\" height=\"125\" src=\"https:\/\/aca-pl.com\/wp-content\/uploads\/2019\/11\/ACA-15pxX15px-1.png\" alt=\"LOGO ACA\" class=\"wp-image-33\"\/><\/figure><\/div>\n\n\n\n<p class=\"has-text-align-center\"><strong>Quand la passion est un m\u00e9tier<\/strong><\/p>\n","protected":false},"excerpt":{"rendered":"<p>QUESTIONNAIRE MULTIRISQUE IMMEUBLE Vous \u00eates un professionnel de l&rsquo;immobilier et vous souhaitez garantir vos immeubles s\u00e9par\u00e9ment ou en flotte ? Grace \u00e0 nos partenaires, nous avons des solutions adapt\u00e9es \u00e0 vos besoins Notre engagement, vous servir toujours mieux afin de vous satisfaire et donc satisfaire vos clients. Pour toute demande individuelle merci de compl\u00e9ter notre &hellip; <a href=\"https:\/\/aca-pl.com\/?page_id=2549\" class=\"more-link\">Continuer la lecture de <span class=\"screen-reader-text\">MULTIRISQUE IMMEUBLE<\/span>  <span class=\"meta-nav\">&rarr;<\/span><\/a><\/p>\n","protected":false},"author":1,"featured_media":2768,"parent":0,"menu_order":0,"comment_status":"closed","ping_status":"closed","template":"","meta":{"_bbp_topic_count":0,"_bbp_reply_count":0,"_bbp_total_topic_count":0,"_bbp_total_reply_count":0,"_bbp_voice_count":0,"_bbp_anonymous_reply_count":0,"_bbp_topic_count_hidden":0,"_bbp_reply_count_hidden":0,"_bbp_forum_subforum_count":0,"_monsterinsights_skip_tracking":false,"_monsterinsights_sitenote_active":false,"_monsterinsights_sitenote_note":"","_monsterinsights_sitenote_category":0,"_themeisle_gutenberg_block_has_review":false,"footnotes":""},"class_list":["post-2549","page","type-page","status-publish","has-post-thumbnail","hentry"],"yoast_head":"<!-- This site is optimized with the Yoast SEO plugin v24.9 - https:\/\/yoast.com\/wordpress\/plugins\/seo\/ -->\n<title>MULTIRISQUE IMMEUBLE -<\/title>\n<meta name=\"robots\" content=\"index, follow, max-snippet:-1, max-image-preview:large, max-video-preview:-1\" \/>\n<link rel=\"canonical\" href=\"https:\/\/aca-pl.com\/?page_id=2549\" \/>\n<meta property=\"og:locale\" content=\"fr_FR\" \/>\n<meta property=\"og:type\" content=\"article\" \/>\n<meta property=\"og:title\" content=\"MULTIRISQUE IMMEUBLE -\" \/>\n<meta property=\"og:description\" content=\"QUESTIONNAIRE MULTIRISQUE IMMEUBLE Vous \u00eates un professionnel de l&rsquo;immobilier et vous souhaitez garantir vos immeubles s\u00e9par\u00e9ment ou en flotte ? Grace \u00e0 nos partenaires, nous avons des solutions adapt\u00e9es \u00e0 vos besoins Notre engagement, vous servir toujours mieux afin de vous satisfaire et donc satisfaire vos clients. Pour toute demande individuelle merci de compl\u00e9ter notre &hellip; Continuer la lecture de MULTIRISQUE IMMEUBLE &rarr;\" \/>\n<meta property=\"og:url\" content=\"https:\/\/aca-pl.com\/?page_id=2549\" \/>\n<meta property=\"article:publisher\" content=\"https:\/\/www.facebook.com\/groups\/1773349446235806\/?ref=bookmarks\" \/>\n<meta property=\"article:modified_time\" content=\"2021-02-19T15:17:50+00:00\" \/>\n<meta property=\"og:image\" content=\"https:\/\/aca-pl.com\/wp-content\/uploads\/2021\/02\/Immeuble-4.jpg\" \/>\n\t<meta property=\"og:image:width\" content=\"1920\" \/>\n\t<meta property=\"og:image:height\" content=\"1280\" \/>\n\t<meta property=\"og:image:type\" content=\"image\/jpeg\" \/>\n<meta name=\"twitter:card\" content=\"summary_large_image\" \/>\n<meta name=\"twitter:site\" content=\"@AssistanceAudit\" \/>\n<meta name=\"twitter:label1\" content=\"Dur\u00e9e de lecture estim\u00e9e\" \/>\n\t<meta name=\"twitter:data1\" content=\"1 minute\" \/>\n<script type=\"application\/ld+json\" class=\"yoast-schema-graph\">{\"@context\":\"https:\/\/schema.org\",\"@graph\":[{\"@type\":\"WebPage\",\"@id\":\"https:\/\/aca-pl.com\/?page_id=2549\",\"url\":\"https:\/\/aca-pl.com\/?page_id=2549\",\"name\":\"MULTIRISQUE IMMEUBLE -\",\"isPartOf\":{\"@id\":\"https:\/\/aca-pl.com\/#website\"},\"primaryImageOfPage\":{\"@id\":\"https:\/\/aca-pl.com\/?page_id=2549#primaryimage\"},\"image\":{\"@id\":\"https:\/\/aca-pl.com\/?page_id=2549#primaryimage\"},\"thumbnailUrl\":\"https:\/\/aca-pl.com\/wp-content\/uploads\/2021\/02\/Immeuble-4.jpg\",\"datePublished\":\"2020-11-09T22:19:00+00:00\",\"dateModified\":\"2021-02-19T15:17:50+00:00\",\"breadcrumb\":{\"@id\":\"https:\/\/aca-pl.com\/?page_id=2549#breadcrumb\"},\"inLanguage\":\"fr-FR\",\"potentialAction\":[{\"@type\":\"ReadAction\",\"target\":[\"https:\/\/aca-pl.com\/?page_id=2549\"]}]},{\"@type\":\"ImageObject\",\"inLanguage\":\"fr-FR\",\"@id\":\"https:\/\/aca-pl.com\/?page_id=2549#primaryimage\",\"url\":\"https:\/\/aca-pl.com\/wp-content\/uploads\/2021\/02\/Immeuble-4.jpg\",\"contentUrl\":\"https:\/\/aca-pl.com\/wp-content\/uploads\/2021\/02\/Immeuble-4.jpg\",\"width\":1920,\"height\":1280},{\"@type\":\"BreadcrumbList\",\"@id\":\"https:\/\/aca-pl.com\/?page_id=2549#breadcrumb\",\"itemListElement\":[{\"@type\":\"ListItem\",\"position\":1,\"name\":\"Accueil\",\"item\":\"https:\/\/aca-pl.com\/\"},{\"@type\":\"ListItem\",\"position\":2,\"name\":\"MULTIRISQUE IMMEUBLE\"}]},{\"@type\":\"WebSite\",\"@id\":\"https:\/\/aca-pl.com\/#website\",\"url\":\"https:\/\/aca-pl.com\/\",\"name\":\"\",\"description\":\"Quand la passion est un m\u00e9tier\",\"publisher\":{\"@id\":\"https:\/\/aca-pl.com\/#organization\"},\"potentialAction\":[{\"@type\":\"SearchAction\",\"target\":{\"@type\":\"EntryPoint\",\"urlTemplate\":\"https:\/\/aca-pl.com\/?s={search_term_string}\"},\"query-input\":{\"@type\":\"PropertyValueSpecification\",\"valueRequired\":true,\"valueName\":\"search_term_string\"}}],\"inLanguage\":\"fr-FR\"},{\"@type\":\"Organization\",\"@id\":\"https:\/\/aca-pl.com\/#organization\",\"name\":\"AUDIT CONSEIL ASSISTANCE\",\"url\":\"https:\/\/aca-pl.com\/\",\"logo\":{\"@type\":\"ImageObject\",\"inLanguage\":\"fr-FR\",\"@id\":\"https:\/\/aca-pl.com\/#\/schema\/logo\/image\/\",\"url\":\"https:\/\/aca-pl.com\/wp-content\/uploads\/2019\/11\/ACA-15pxX15px-1.png\",\"contentUrl\":\"https:\/\/aca-pl.com\/wp-content\/uploads\/2019\/11\/ACA-15pxX15px-1.png\",\"width\":125,\"height\":125,\"caption\":\"AUDIT CONSEIL ASSISTANCE\"},\"image\":{\"@id\":\"https:\/\/aca-pl.com\/#\/schema\/logo\/image\/\"},\"sameAs\":[\"https:\/\/www.facebook.com\/groups\/1773349446235806\/?ref=bookmarks\",\"https:\/\/x.com\/AssistanceAudit\",\"http:\/\/www.linkedin.com\/in\/philippe-b-7a43b342\"]}]}<\/script>\n<!-- \/ Yoast SEO plugin. -->","yoast_head_json":{"title":"MULTIRISQUE IMMEUBLE -","robots":{"index":"index","follow":"follow","max-snippet":"max-snippet:-1","max-image-preview":"max-image-preview:large","max-video-preview":"max-video-preview:-1"},"canonical":"https:\/\/aca-pl.com\/?page_id=2549","og_locale":"fr_FR","og_type":"article","og_title":"MULTIRISQUE IMMEUBLE -","og_description":"QUESTIONNAIRE MULTIRISQUE IMMEUBLE Vous \u00eates un professionnel de l&rsquo;immobilier et vous souhaitez garantir vos immeubles s\u00e9par\u00e9ment ou en flotte ? Grace \u00e0 nos partenaires, nous avons des solutions adapt\u00e9es \u00e0 vos besoins Notre engagement, vous servir toujours mieux afin de vous satisfaire et donc satisfaire vos clients. Pour toute demande individuelle merci de compl\u00e9ter notre &hellip; Continuer la lecture de MULTIRISQUE IMMEUBLE &rarr;","og_url":"https:\/\/aca-pl.com\/?page_id=2549","article_publisher":"https:\/\/www.facebook.com\/groups\/1773349446235806\/?ref=bookmarks","article_modified_time":"2021-02-19T15:17:50+00:00","og_image":[{"width":1920,"height":1280,"url":"https:\/\/aca-pl.com\/wp-content\/uploads\/2021\/02\/Immeuble-4.jpg","type":"image\/jpeg"}],"twitter_card":"summary_large_image","twitter_site":"@AssistanceAudit","twitter_misc":{"Dur\u00e9e de lecture estim\u00e9e":"1 minute"},"schema":{"@context":"https:\/\/schema.org","@graph":[{"@type":"WebPage","@id":"https:\/\/aca-pl.com\/?page_id=2549","url":"https:\/\/aca-pl.com\/?page_id=2549","name":"MULTIRISQUE IMMEUBLE -","isPartOf":{"@id":"https:\/\/aca-pl.com\/#website"},"primaryImageOfPage":{"@id":"https:\/\/aca-pl.com\/?page_id=2549#primaryimage"},"image":{"@id":"https:\/\/aca-pl.com\/?page_id=2549#primaryimage"},"thumbnailUrl":"https:\/\/aca-pl.com\/wp-content\/uploads\/2021\/02\/Immeuble-4.jpg","datePublished":"2020-11-09T22:19:00+00:00","dateModified":"2021-02-19T15:17:50+00:00","breadcrumb":{"@id":"https:\/\/aca-pl.com\/?page_id=2549#breadcrumb"},"inLanguage":"fr-FR","potentialAction":[{"@type":"ReadAction","target":["https:\/\/aca-pl.com\/?page_id=2549"]}]},{"@type":"ImageObject","inLanguage":"fr-FR","@id":"https:\/\/aca-pl.com\/?page_id=2549#primaryimage","url":"https:\/\/aca-pl.com\/wp-content\/uploads\/2021\/02\/Immeuble-4.jpg","contentUrl":"https:\/\/aca-pl.com\/wp-content\/uploads\/2021\/02\/Immeuble-4.jpg","width":1920,"height":1280},{"@type":"BreadcrumbList","@id":"https:\/\/aca-pl.com\/?page_id=2549#breadcrumb","itemListElement":[{"@type":"ListItem","position":1,"name":"Accueil","item":"https:\/\/aca-pl.com\/"},{"@type":"ListItem","position":2,"name":"MULTIRISQUE IMMEUBLE"}]},{"@type":"WebSite","@id":"https:\/\/aca-pl.com\/#website","url":"https:\/\/aca-pl.com\/","name":"","description":"Quand la passion est un m\u00e9tier","publisher":{"@id":"https:\/\/aca-pl.com\/#organization"},"potentialAction":[{"@type":"SearchAction","target":{"@type":"EntryPoint","urlTemplate":"https:\/\/aca-pl.com\/?s={search_term_string}"},"query-input":{"@type":"PropertyValueSpecification","valueRequired":true,"valueName":"search_term_string"}}],"inLanguage":"fr-FR"},{"@type":"Organization","@id":"https:\/\/aca-pl.com\/#organization","name":"AUDIT CONSEIL ASSISTANCE","url":"https:\/\/aca-pl.com\/","logo":{"@type":"ImageObject","inLanguage":"fr-FR","@id":"https:\/\/aca-pl.com\/#\/schema\/logo\/image\/","url":"https:\/\/aca-pl.com\/wp-content\/uploads\/2019\/11\/ACA-15pxX15px-1.png","contentUrl":"https:\/\/aca-pl.com\/wp-content\/uploads\/2019\/11\/ACA-15pxX15px-1.png","width":125,"height":125,"caption":"AUDIT CONSEIL ASSISTANCE"},"image":{"@id":"https:\/\/aca-pl.com\/#\/schema\/logo\/image\/"},"sameAs":["https:\/\/www.facebook.com\/groups\/1773349446235806\/?ref=bookmarks","https:\/\/x.com\/AssistanceAudit","http:\/\/www.linkedin.com\/in\/philippe-b-7a43b342"]}]}},"_links":{"self":[{"href":"https:\/\/aca-pl.com\/index.php?rest_route=\/wp\/v2\/pages\/2549","targetHints":{"allow":["GET"]}}],"collection":[{"href":"https:\/\/aca-pl.com\/index.php?rest_route=\/wp\/v2\/pages"}],"about":[{"href":"https:\/\/aca-pl.com\/index.php?rest_route=\/wp\/v2\/types\/page"}],"author":[{"embeddable":true,"href":"https:\/\/aca-pl.com\/index.php?rest_route=\/wp\/v2\/users\/1"}],"replies":[{"embeddable":true,"href":"https:\/\/aca-pl.com\/index.php?rest_route=%2Fwp%2Fv2%2Fcomments&post=2549"}],"version-history":[{"count":7,"href":"https:\/\/aca-pl.com\/index.php?rest_route=\/wp\/v2\/pages\/2549\/revisions"}],"predecessor-version":[{"id":2931,"href":"https:\/\/aca-pl.com\/index.php?rest_route=\/wp\/v2\/pages\/2549\/revisions\/2931"}],"wp:featuredmedia":[{"embeddable":true,"href":"https:\/\/aca-pl.com\/index.php?rest_route=\/wp\/v2\/media\/2768"}],"wp:attachment":[{"href":"https:\/\/aca-pl.com\/index.php?rest_route=%2Fwp%2Fv2%2Fmedia&parent=2549"}],"curies":[{"name":"wp","href":"https:\/\/api.w.org\/{rel}","templated":true}]}}